ive of o**4/4 - 22*o**3/3 + 47*o**2/2 + 53*o - 22. Is h(24) a prime number?
True
Let f = 79 - 76. Suppose -f*c + 14523 = 3*s, 0 = 4*s - s - 12. Is c a prime number?
False
Suppose -h - 4*h - 20860 = -2*w, w + h = 10416. Suppose 0*v = -5*v + c + w, -3*v = -2*c - 6252. Suppose -3*s - s + v = 0. Is s a prime number?
True
Let y(c) = -3*c**2 + 49*c - 20. Let n be y(16). Is n/14 - (-550880)/224 prime?
True
Let a = 490 - 947. Suppose 2*d - 4*h = 1744, -6*d + 8*d = 3*h + 1745. Let y = a + d. Is y a composite number?
True
Suppose -2*d = -7 + 3. Suppose -423 = -f - d*g, -4*f - g - 2137 = -9*f. Is f a composite number?
True
Suppose -2*q - 17*r + 12*r = -780, 12*r = -4*q + 1572. Let o be 1358 - (-1*1 + 1). Let t = o + q. Is t a composite number?
False
Let c(m) = 2259*m**2 - 2*m - 5. Let l be c(4). Suppose 0 = 7*a - l - 4322. Is a a composite number?
False
Let c = -580 + 587. Let d(p) = 1676*p - 55. Is d(c) a prime number?
True
Let s(l) = 76*l + 3 - 21 - 448*l + 4. Is s(-8) prime?
False
Let q = 12 + -11. Let f be 786 + (q - 2)/(-1). Suppose -v + f = -102. Is v a prime number?
False
Let a = 8699 - -5732. Is a a prime number?
True
Let q(s) = 4*s + 101. Let i be q(-24). Suppose -h + 21640 = 5*a, 21625 = i*a - 7*h + 5*h. Is a a composite number?
False
Suppose 2*f = -32 + 14, -2*h + 2*f = -38756. Is h a prime number?
False
Suppose -11 = -5*t + 9. Suppose -17 + 7 = 5*v. Is 734 + (v - t)/2 prime?
False
Suppose 36*s = 33*s, -2*s = -4*a + 3704. Suppose 0 = 921*f - a*f + 43685. Is f prime?
True
Is 12 + 0 - 1344/112 - (2 + -985201) prime?
False
Let h be ((-60)/(-25))/(2/1180). Suppose -9*a + h = -a. Let l = a - -10. Is l prime?
False
Let f be 3 - 21/7 - (0 + -1). Let g be (4 + -2 + 52)*f. Let i = g - 3. Is i a prime number?
False
Let q be -12*(2/(-8))/(36/48). Suppose 0 = q*m - 8, 0 = 5*p - 4*m + m - 2779. Is p composite?
False
Suppose 4410275 - 5731117 = -15*v + 5833303. Is v a composite number?
True
Let b(t) = 2*t**2 + 13*t + 43. Let w be b(-5). Is 81008/w + (-3)/21 prime?
False
Let f(s) = -s**3 - 12*s**2 - 23*s - 6. Let h be f(-9). Let u = h - -44. Suppose u*q + 3*q - 415 = 0. Is q a composite number?
False
Let w(n) = -n**2 + 2*n**2 - 12 + 3*n**2 + 4*n**3 + 4*n + 5*n**2. Let k be w(-6). Let x = -265 - k. Is x composite?
False
Let d = 121 + -112. Suppose 1633 = -d*y + 7906. Is y a prime number?
False
Let q = -312 - -314. Suppose -r - 137 = -2*f - 2874, -q*r = 4*f - 5490. Is r a prime number?
True
Suppose -55*j = -60*j - 2*t + 94951, -2*j + 37990 = 4*t. Is j composite?
True
Let g = -223123 - -1128054. Is g composite?
False
Let c(d) = -d**2 - 29*d + 42131. Is c(0) prime?
True
Suppose -12*y + 11*y - 5*h = -9253, -4*y = 3*h - 36927. Is (y/6)/((-31)/(-29) - 1) a prime number?
False
Let j(o) = o**2 + 6*o - 4. Let q be j(4). Let v be 97/(-1 - -2) + -2. Let f = v - q. Is f a composite number?
False
Let b = -25286 + 101629. Is b a composite number?
False
Let f be (3 - 2)/(-2)*506. Let o be (0 - -2)*(-1 - 235). Let j = f - o. Is j a prime number?
False
Suppose -1760*s + 1723*s = -3250783. Is s composite?
True
Suppose 0 = -178*m + 180*m + 4. Is (-5905)/m - ((-1)/2 + 0) composite?
False
Suppose -18*g + 77648 = -43726. Is g a composite number?
True
Let o(v) = -3*v**3 - 15*v**2 - 6*v + 13. Let p(k) = 5*k**3 + 30*k**2 + 13*k - 25. Let q(y) = 7*o(y) + 4*p(y). Let c = -139 - -154. Is q(c) prime?
False
Let m(v) = -16*v**2 + 634*v - 347. Let t(j) = -3*j**2 + 127*j - 69. Let b(g) = -2*m(g) + 11*t(g). Is b(41) a composite number?
True
Suppose -3*z = 2*l + 5, -2*z = 4*l + 18 + 4. Is -4*(15195/(-20) - l) prime?
True
Let b = 137 - 124. Suppose 2422 = -b*f + 20*f. Is f prime?
False
Suppose -322 + 327 = l. Suppose l*d = 43591 + 11544. Is d a composite number?
False
Let t(l) = l**2 + 5*l - 66. Let r be t(-11). Suppose -5*k + 4446 - 1061 = r. Is k a prime number?
True
Let u = 482082 - 281149. Is u composite?
True
Suppose 5*j + 3*x = 32, -4*j - 5*x = -9*j. Suppose 4*t + j*n - 3 = 7*n, -t - 3 = -2*n. Is (-4)/((-12)/5019) - (-3 + t) prime?
False
Let p(x) = 632*x - 1395. Is p(8) a composite number?
True
Let q(t) = t**3 - 6*t + 1. Let r be q(-2). Suppose 20*y - 58348 = -r*p + 19*y, 0 = -3*p - 5*y + 35022. Is p a composite number?
True
Is ((-13)/7 - -1) + 91440809/749 a composite number?
True
Suppose -2*n - 473211 = -50*n + 355125. Is n composite?
False
Suppose q = g - 4*q - 111147, 2*q = -4*g + 444588. Is g composite?
True
Is (-680999)/(-88) + 3/8 a composite number?
True
Let r(i) = 253660*i - 353. Is r(1) a composite number?
False
Suppose 3*y - 5*y - 8 = 0, -r - 3*y = -9077. Is r prime?
False
Let g = 2941 - 1646. Suppose -3*t + 285 - g = -5*r, 845 = 4*r + 5*t. Is r composite?
True
Let z(u) = -18*u - 25. Let y be z(-2). Suppose -9817 = -y*q - 2040. Is q composite?
True
Let d(y) = -y**3 - 10*y**2 + 22*y + 78721. Is d(0) composite?
False
Let c(a) = -738*a + 47. Let w be (3 - 24/9) + 8/(-6). Let j = -7 + w. Is c(j) a prime number?
False
Let a = 242 + -238. Suppose -4*w = -3*w - 5*y - 11759, 0 = -2*w - a*y + 23490. Is w composite?
True
Suppose 189*i = 2620377 - 520020. Is i prime?
True
Let m(d) = 4*d**3 - 15*d**2 + 18*d + 59. Let s be m(16). Let q = 21049 - s. Is q a prime number?
False
Let l be 1 - (9 - 4) - 1*-48788. Suppose -9*w - 24378 = -11*w - 4*x, 4*w + x = l. Is w prime?
True
Let p(g) = -2*g + 38. Let k(x) = x**2 + 8*x - 14. Let f be k(-11). Let t be p(f). Suppose 4*v + 8*b - 859 = 5*b, t = -2*v + 2*b + 440. Is v prime?
False
Let o(j) = -16*j**3 - 7*j**2 - 2*j + 9. Let g be o(-4). Suppose -7*u + 8*u - 181 = -w, 5*u = w + g. Is u a prime number?
False
Let d(f) = -150*f**3 + 6*f**2 + 19*f - 19. Is d(-6) composite?
True
Let i be (-4)/(-2) + -9 + 10. Suppose -16*t + 12*t - i*p + 119318 = 0, t - 2*p = 29835. Is t a composite number?
True
Let s = -208713 + 476450. Is s prime?
True
Let u = -121 + 134. Is 20235/39 - (-2)/u a prime number?
False
Let z be (345/(-20))/(15/12 + -2). Suppose -z*b + 24079 = -33490. Is b prime?
True
Let c(r) = 4406*r**2 + 196*r - 393. Is c(2) prime?
True
Suppose -222 = 4*j + 2*x, 2*j + 135 = -3*x + 26. Let l = 61 + j. Suppose -2*t + 3310 = y, 4*t - 5069 - 1579 = l*y. Is t a composite number?
False
Let n = 4 + -14. Let o(t) be the second derivative of -39*t**3/2 + 23*t**2/2 + 33*t + 2. Is o(n) composite?
False
Let b be (-1674)/4*(-43 + 41). Suppose 2736 - b = 3*x. Is x a prime number?
False
Let g(y) = -29*y + 51. Let n(x) = 15*x - 26. Let q(s) = -2*g(s) - 5*n(s). Let m = 36 + -53. Is q(m) a composite number?
False
Let z(a) = -429*a**3 - a**2 - 3*a - 1. Let g be z(-2). Suppose 2474 = 3*i - g. Is i prime?
False
Let r(n) = 207*n - 258. Is r(27) a composite number?
True
Let s(i) = -5*i + 10. Let q be s(2). Suppose 2*d - d = q, 5*a - 3*d = 1055. Is a prime?
True
Let j(r) = -727*r**3 - 8*r**2 - 3*r - 1. Let h(u) = u - 11. Let i be h(9). Is j(i) a prime number?
False
Let s = -375 + 380. Is (-132)/(-6 - s)*1126/8 a composite number?
True
Suppose -329*j + 325*j + 5*k = -227086, 0 = 4*j - 4*k - 227092. Is j a composite number?
False
Suppose -4*l - 3*z + 45179 = -33542, 5*l + 4*z = 98401. Is l a prime number?
True
Let j = -10 + 14. Suppose 0 = f + n + 6494 + 13662, 2*f = j*n - 40300. Is (-2)/(-6)*1/(-2)*f a prime number?
True
Let l be (18/(-15))/((-6)/20). Suppose -3*t = -7*b + 4*b + 13797, l = -t. Is b composite?
True
Let d = -134343 + 355130. Is d a prime number?
False
Suppose 3*i - 2*d = -2*i, 5*i - 3*d = 0. Is (-8812 + 0)*((-9)/12 - i) composite?
True
Suppose -r - 340 = -600. Let n = 709 - r. Is n prime?
True
Let r = -1296868 - -1850429. Is r composite?
False
Suppose 3*b + 53 = 3*t - 2*b, 5*b + 20 = 0. Suppose t*s = 5*s + 186. Let h = 2 + s. Is h prime?
False
Suppose -2*n = 2*c - 12, -5*n - 2*c + 6*c = -21. Suppose 3*i + 31 = -n*m + 2*i, -2*i = 2. Is (-15)/m*(-752)/(-20) composite?
True
Let j(s) = -4731*s + 6379. Is j(-14) prime?
True
Suppose 229279 = 24*p - 199433. Is p prime?
True
Suppose 6*j = 21 - 3. Suppose 4*w - w - 20 = -s, -j*s + 32 = 5*w. Suppose -2368 - 2553 = -w*x. Is x a composite number?
True
Let s(z) = 2493*z**2 - 528*z - 23. Is s(-12) composite?
True
Suppose 0 = -h - r + 99550 + 426286, 5*h - 3*r = 2629204. Is h a composite number?
False
Let z = -264 - -264. Suppose 22*r - 18*r - 32036 = z. Is r prime?
True
Let w = -164158 - -329301. Is w a prime number?
False
Is 